3970*y**2 + 95280*y. Give p(-24).
0
Let q(g) = -g**3 + 2*g**2 + 30*g - 106. What is q(-6)?
2
Let k(h) = 24*h**2 - 970*h + 3666. Give k(36).
-150
Let u(g) = 66*g**2 + 492*g + 363. Determine u(-7).
153
Let u(h) = -3378*h + 810718. What is u(240)?
-2
Let o(u) = 1074*u - 42878. Determine o(40).
82
Let g(p) = -2*p**3 - 8*p**2 + 8170*p + 32712. Calculate g(-4).
32
Let t(f) = -31*f**2 - 5707*f - 583. Give t(-184).
-31
Let w(j) = -j**3 + 164*j**2 - 751*j - 5066. Determine w(159).
1930
Let n(v) = -1398*v - 460117. Determine n(-329).
-175
Let h(o) = -5*o**3 - 150*o**2 - 100*o - 2985. Calculate h(-30).
15
Let s(n) = n**3 - 141*n**2 - 1199*n + 1057. Determine s(149).
14
Let h(n) = n**2 - 49*n - 611. Calculate h(56).
-219
Let f(b) = -1091*b - 185521. Determine f(-170).
-51
Let l(w) = 32*w**2 + 48*w + 185. Calculate l(-5).
745
Let x(a) = 1202*a**2 + 4795*a. Determine x(-4).
52
Let w(h) = h**3 - 518*h**2 + 5592*h - 7591. What is w(507)?
14
Let l(w) = 116289*w + 813967. Calculate l(-7).
-56
Let n(y) = 1373*y - 171. What is n(0)?
-171
Let d(c) = c**2 - 24*c - 751. What is d(-34)?
1221
Let f(p) = -p**2 - 52*p - 4324. What is f(-56)?
-4548
Let b(c) = -c**3 - 72*c**2 - 663*c + 3723. Determine b(-16).
-5
Let j(s) = -100*s**2 + 8387*s + 59. Give j(84).
-1033
Let j(n) = -2*n**3 - 8*n**2 + 217*n - 150. What is j(13)?
-3075
Let g(d) = -4*d**2 + 228*d - 1264. Determine g(6).
-40
Let m(u) = -15727*u + 47167. Give m(3).
-14
Let m(j) = 15*j**2 + 26304*j + 146831. What is m(-1748)?
-1
Let z(v) = 2858*v + 51442. Give z(-18).
-2
Let j(l) = 4*l**2 - 3220*l + 12832. Calculate j(4).
16
Let y(c) = 4*c**2 - 45911*c - 1196385. Give y(-26).
5
Let t(k) = -1123*k + 8273. What is t(7)?
412
Let u(g) = 5*g**3 - 495*g**2 + 11492*g - 806. Calculate u(37).
8
Let q(v) = v**3 - 167*v**2 + 273*v - 16695. Give q(166).
1067
Let v(o) = -o**2 + 50*o - 234. What is v(58)?
-698
Let a(b) = 3*b**2 + 196*b + 1971. Give a(-52).
-109
Let f(s) = -s**3 - 55*s**2 + 491*s + 18325. Calculate f(-58).
-61
Let w(j) = -5*j**2 - 937*j - 39307. What is w(-124)?
1
Let h(o) = 36*o**2 + 612*o + 3714. Calculate h(-9).
1122
Let r(o) = 42*o - 2234. What is r(77)?
1000
Let w(z) = z**3 - 7*z**2 + 5*z - 73. What is w(14)?
1369
Let s(h) = -13641*h + 340886. Calculate s(25).
-139
Let j(q) = 3*q**2 - 447*q - 1820. Give j(-4).
16
Let z(j) = 209*j - 9138. Give z(47).
685
Let c(m) = m**2 - 223*m + 12436. Calculate c(113).
6
Let p(u) = -u**2 - 97*u + 9645. What is p(56)?
1077
Let x(y) = -y**3 - 96*y**2 - 2112*y + 772. Give x(-35).
-33
Let d(l) = -l**3 + 42*l**2 + 853*l - 35824. Determine d(42).
2
Let x(l) = -2517*l**2 + 105*l + 105. What is x(-1)?
-2517
Let w(z) = -6*z**2 + 439*z + 6637. Determine w(85).
602
Let b(k) = -3354*k + 6745. What is b(2)?
37
Let w(o) = -2*o**2 + 10475*o + 20949. Calculate w(-2).
-9
Let w(c) = -122215*c - 1588798. Calculate w(-13).
-3
Let v(t) = t**2 + 211722*t - 423445. Give v(2).
3
Let r(j) = -2891*j - 1193981. Calculate r(-413).
2
Let z(h) = -24*h**2 - 202*h - 347. Determine z(-4).
77
Let t(j) = -j**2 + 1484790*j + 2969587. What is t(-2)?
3
Let n(v) = -2*v**3 - 88*v**2 - 744*v - 8373. What is n(-37)?
-11
Let b(m) = -5*m**3 + 309*m**2 + 685*m + 203. What is b(64)?
-1013
Let l(r) = 2*r**3 + 23*r**2 - 73*r - 35. Determine l(-14).
7
Let u(y) = y**2 - 3411*y + 194715. Calculate u(58).
241
Let s(y) = -218808*y + 12253238. Determine s(56).
-10
Let m(g) = 2*g**3 + 519*g**2 + 1077*g + 77. Calculate m(-2).
-17
Let s(q) = -4*q**2 - 2230*q + 15799. Give s(7).
-7
Let q(v) = -4*v**2 - 295*v - 130. Calculate q(-73).
89
Let d(o) = o**2 + 7*o - 205. Give d(15).
125
Let d(v) = -v**3 + 11*v**2 + 474*v - 5661. Calculate d(12).
-117
Let p(z) = -170169*z + 14124032. Determine p(83).
5
Let f(x) = -x**3 + 1257*x**2 + 28137*x - 15. Give f(-22).
7
Let r(a) = -5222*a + 10410. Give r(2).
-34
Let t(f) = 21288*f + 723831. Determine t(-34).
39
Let z(v) = -9*v**2 - 713*v + 29206. Calculate z(-109).
-6
Let h(t) = 458*t - 9162. What is h(20)?
-2
Let l(d) = 4466026*d - 26796173. What is l(6)?
-17
Let k(r) = 180276*r + 1983056. Give k(-11).
20
Let h(d) = 270*d**2 + 227880*d. What is h(-844)?
0
Let h(s) = -3*s**3 - 249*s**2 - 9*s - 788. What is h(-83)?
-41
Let r(c) = -c**3 + 27*c**2 + 537*c + 230. Give r(-13).
9
Let d(q) = 10937*q + 1192126. What is d(-109)?
-7
Let s(r) = -5390*r - 1298925. Give s(-241).
65
Let q(p) = -7*p**2 + 8751*p + 43745. What is q(-5)?
-185
Let u(k) = -2*k**3 + 84*k**2 - 782*k + 43. Give u(14).
71
Let r(u) = 4178*u + 24254. Calculate r(-6).
-814
Let a(q) = -9*q**3 + 3*q**2 + 28*q - 303. Give a(5).
-1213
Let j(l) = -40608*l + 365489. What is j(9)?
17
Let l(k) = 2369*k - 26062. Determine l(11).
-3
Let s(v) = 17*v**2 + 539*v - 4351. Give s(8).
1049
Let x(j) = 182697*j - 1461618. What is x(8)?
-42
Let j(a) = -44717*a - 44719. What is j(-1)?
-2
Let z(p) = p**3 + 103*p**2 - 141*p + 7125. Give z(-105).
-120
Let u(k) = 8*k**3 + 41*k**2 - 6*k - 14. Give u(-3).
157
Let a(c) = c + 155. Calculate a(39).
194
Let k(m) = -888987*m - 1777978. Calculate k(-2).
-4
Let h(y) = 15*y**3 - 100*y**2 + 21226*y - 148821. Calculate h(7).
6
Let t(w) = w**3 - 66*w**2 - 226*w - 9411. What is t(71)?
-252
Let b(y) = -6*y**3 - 8*y**2 + 9*y + 7. Calculate b(2).
-55
Let y(j) = -27*j**2 + 299*j - 1755. Determine y(6).
-933
Let q(j) = -j**3 - j**2 + 116*j + 19. What is q(-11)?
-47
Let a(h) = -h**2 - 216*h + 12115. Calculate a(47).
-246
Let d(u) = -u**2 - 82*u + 35. Give d(-23).
1392
Let c(o) = 2863*o**2 + 140286*o - 51. Calculate c(-49).
-2
Let j(k) = 4680*k - 2269809. Give j(485).
-9
Let n(g) = -3*g**3 + 36*g**2 + 520*g + 1297. Give n(-6).
121
Let g(q) = 11*q**2 + 7*q + 397. What is g(-12)?
1897
Let l(a) = -16554*a + 16566. Give l(1).
12
Let v(w) = -w**3 - 225*w**2 + 281*w + 12404. Determine v(-226).
-26
Let b(a) = -644*a - 180. Determine b(-1).
464
Let z(u) = u**2 - 134*u - 1521. Give z(131).
-1914
Let g(p) = 14*p**2 + 202*p + 479. What is g(-10)?
-141
Let w(c) = 121*c - 4253. Determine w(34).
-139
Let u(r) = 175*r + 3047. What is u(-17)?
72
Let f(m) = -2*m**2 - 29*m + 875. What is f(-37)?
-790
Let k(i) = 13*i**2 + 32*i - 29. What is k(2)?
87
Let y(m) = 3*m**3 - 14*m**2 + 126*m - 473. Give y(5).
182
Let r(k) = 1192089*k - 7152540. What is r(6)?
-6
Let p(m) = m**3 + 8*m**2 - 28*m - 3176. Calculate p(13).
9
Let b(g) = 82*g**2 + 477*g + 10. Determine b(-6).
100
Let k(g) = 132*g - 1692. Give k(8).
-636
Let l(j) = 2*j**2 - 123*j + 578. Calculate l(22).
-1160
Let i(p) = 6*p**2 + 713*p - 131596. What is i(-219)?
23
Let p(w) = -5037*w - 37933. Determine p(-7).
-2674
Let v(m) = -497*m - 98411. What is v(-198)?
-5
Let j(p) = 3*p**3 + 8*p**2 - 28*p - 162. Calculate j(-5).
-197
Let y(t) = -442*t - 1560. Give y(-8).
1976
Let q(v) = -20506*v + 902269. What is q(44)?
5
Let b(x) = -113*x**2 + 6328*x - 75. Give b(56).
-75
Let i(t) = -6*t**3 - 2*t**2 + 60*t + 1. Calculate i(3).
1
Let w(m) = m**2 - 44*m - 7232. Determine w(110).
28
Let t(w) = 307*w**2 + 52808*w + 696. Give t(-172).
8
Let d(s) = 440*s**2 + 1036*s + 315. Calculate d(-2).
3
Let q(v) = v**3 - v**2 - 73*v - 24. Determine q(-11).
-673
Let n(u) = 3*u**3 - 21*u**2 - 46*u + 92. Determine n(9).
164
Let a(g) = 75955*g + 3873751. Give a(-51).
46
Let w(p) = p**3 + 23*p**2 + 122*p + 832. What is w(-18)?
256
Let i(f) = -3*f**2 + 933*f + 12640. Calculate i(-13).
4
Let s(b) = 6*b**2 + 2583*b - 18220. What is s(7)?
155
Let w(r) = -15717*r - 3174881. Give w(-202).
-47
Let t(m) = 39556*m - 435119. Calculate t(11).
-3
Let h(g) = -g**2 + 431*g - 45188. Calculate h(253).
-154
Let g(k) = -15*k**3 - 16274*k**2 + 1088*k + 3252. Calculate g(-1085).
-3
Let k(w) = -1238*w - 157223. Give k(-127).
3
Let f(x) = -59*x + 1318. Determine f(24).
-98
Let c(f) = 2*f**2 + 13*f - 3643. Determine c(-46).
-9
Let q(c) = -84*c**2 + 3664*c + 1431. Determine q(44).
23
Let u(g) = 906*g + 41690. What is u(-42)?
3638
Let p(c) = -2*c**3 - 171*c**2 - 281*c - 340. Give p(-84).
2096
Let r(g) = -2932*g + 254. What is r(0)?
254
Let g(v) = -1230*v - 12947. Calculate g(-9).
-1877
Let p(z) = -z**2 - 193*z - 6875. Determine p(-49).
181
Let b(s) = 45706*s + 5393281. Calculate b(-118).
-27
Let c(b) = -12*b**3 - 831*b**2 + 837*b - 9. Determine c(1).
-15
Let k(p) = 29*p - 2853. Give k(90).
-243
Let k(u) = -231*u**2 - 8*u + 32. What is k(2)?
-908
Let v(f) = 2